Let k = -2 - 5. Let d be (-40)/(-7) - 2/k. Let g be (2/(-4) + 1)*24. Calculate the greatest common factor of g and d.
6
Suppose 3*r = -2*r. Let v be (r - 2) + 1 - -4. Let j be (-1)/v*(-2 - 1). Calculate the greatest common divisor of j and 2.
1
Suppose 0 = 3*r, 0 = 2*l + l - 2*r - 12. Let h(a) = 2*a + 1 + 2*a**2 - l + 2*a. Let g be h(4). Calculate the greatest common divisor of 15 and g.
15
Let p = -32 - -45. What is the highest common divisor of 52 and p?
13
Let v(s) = s**2 - s - 5. Let b be v(5). Calculate the greatest common divisor of b and 5.
5
Let f = 9 + -31. Let p = 102 + f. Calculate the greatest common divisor of 8 and p.
8
Suppose 0 = -5*d + 10. Suppose 0 = -d*p - 10 + 32. What is the highest common divisor of 33 and p?
11
Suppose 2*c + 2*c - 48 = 0. Suppose 4*k = -k + 60. Calculate the greatest common factor of c and k.
12
Let u = -78 - -113. Let d = -2 - -8. Suppose -h = h + d, -5*m + 10 = 5*h. What is the greatest common divisor of u and m?
5
Suppose 73*j - 30 = 72*j. What is the highest common divisor of 10 and j?
10
Suppose 0*h + 210 = 3*h. Calculate the greatest common factor of 14 and h.
14
Let t = 9 - 9. Suppose 5*g + 2 - 32 = t. Calculate the highest common divisor of 6 and g.
6
Let k(r) = r**3 + 6*r**2 + 4*r + 6. Let n be k(-5). Let y = -36 + 69. What is the greatest common factor of y and n?
11
Let q be (1/(2/14))/1. Suppose 4*g - 6 = -4*h + 30, 2*h - 32 = -3*g. What is the greatest common factor of g and q?
7
Let n = 9 + 0. What is the greatest common factor of 63 and n?
9
Let x be ((-8)/2 - 1) + -3 + 28. Suppose -325 + 75 = -5*a. What is the highest common divisor of x and a?
10
Let h(o) = 2*o + 3. Let d be h(16). Calculate the highest common divisor of d and 14.
7
Let b(q) = 13*q - 3. Let j be b(3). Let m = -71 + 89. Calculate the highest common factor of j and m.
18
Let y be (-50)/(-6) - 6/18. Let v = -113 + 169. What is the greatest common factor of y and v?
8
Suppose 0*b + 28 = -4*b. Let h be (17/(-4))/(b/28). Calculate the greatest common divisor of h and 153.
17
Suppose -2*h + 156 + 68 = 0. What is the greatest common factor of h and 32?
16
Let k(s) = -14 - 7*s**2 + 20*s + s**3 - 4*s**2 - 8*s. Let y be k(10). Calculate the greatest common divisor of 4 and y.
2
Suppose 0*s - f = -s + 47, -2*s - 2*f = -74. What is the greatest common divisor of 14 and s?
14
Let o be 0*-1*(-2)/(-6). Suppose o*x + 120 = 4*x. Calculate the greatest common factor of 6 and x.
6
Suppose 0*q - q - 3*k = -169, 5 = -k. Suppose -3*a + 30 = -39. What is the greatest common factor of a and q?
23
Let m(l) = 7*l - 4. Let v be m(4). What is the greatest common divisor of v and 16?
8
Suppose -5*q + k + 617 = 0, -16 + 7 = -3*k. What is the greatest common divisor of 31 and q?
31
Let f be (-28)/(-5) - 9/15. Suppose -34 = f*g - 529. Suppose 4*i - 43 = -7. What is the greatest common divisor of g and i?
9
Let u = -10 - -8. Let d be u/6 - 5/(-15). Let a = d - -5. Calculate the highest common factor of a and 5.
5
Let c(a) = 4*a - 17. Let m be c(9). What is the greatest common divisor of m and 209?
19
Let r(b) = 2*b**2 + 2. Let a be r(-2). Suppose -5*z = -0*z - 15. Let u = a + z. Calculate the greatest common factor of u and 52.
13
Let b = -59 + 81. What is the greatest common factor of 88 and b?
22
Let y(z) = 91*z. Let f be y(2). Suppose 4*b - 197 = -r, 0*r = 4*b - 2*r - f. What is the greatest common factor of 12 and b?
12
Let a be (1 - 0) + 1*4. Let v(f) = -f**3 + 6*f**2 - 3*f - 5. Let c be v(a). Suppose -c*o + 2*o + 105 = 0. What is the greatest common factor of o and 14?
7
Let x(h) = -h**3 - 2*h**2 - h - 2. Let c be x(-3). Let d = -7 + c. Calculate the greatest common divisor of 3 and d.
3
Let t be (-25)/((3 - 1) + -3). Calculate the greatest common factor of 50 and t.
25
Let u = -6 - -8. Suppose 2*l - 13 = 3. Let w(o) = -o**3 + 9*o**2 - 7*o + 10. Let r be w(l). Calculate the greatest common factor of u and r.
2
Let m be (2/(-4))/(10/(-200)). Let t = 115 - 5. What is the highest common factor of m and t?
10
Suppose 3*p = 4*p + 4*w - 2, p + 12 = 3*w. Let y = 13 + p. Calculate the greatest common divisor of 7 and y.
7
Suppose y + u = 3*y - 220, -y + 110 = u. Suppose y = c - 3*c. Let q = c + 110. Calculate the highest common factor of 11 and q.
11
Let t = -113 - -170. Let h(k) = k**3 + k - 41. Let b be h(0). Let u = b + t. Calculate the greatest common factor of u and 144.
16
Let f(u) = 31*u**2 + 3*u + 2. Let o be f(-2). Let s be (15/9)/(3/27). Calculate the highest common divisor of o and s.
15
Let y(j) = -8*j - 1. Let x be y(-1). What is the greatest common divisor of x and 7?
7
Let h(p) be the third derivative of -2/3*p**3 - 7/24*p**4 + p**2 + 0*p + 0. Let u be h(-4). What is the greatest common divisor of 36 and u?
12
Let t(k) = 10*k + 9. Let b(c) = 2*c + 2. Let y(p) = -11*b(p) + 2*t(p). Let f be y(-4). Calculate the highest common divisor of 12 and f.
4
Let t be (-12)/(-16) + 17/4. Calculate the greatest common factor of 20 and t.
5
Let d(p) = -22*p - 1. Let o be d(-1). Suppose 39 = 2*l - 121. Let a = 248 - l. Calculate the greatest common divisor of o and a.
21
Let c = -559 + 797. What is the greatest common factor of c and 14?
14
Let o = 77 + -37. What is the highest common factor of 8 and o?
8
Suppose -v + 5*v = 92. Calculate the greatest common divisor of v and 253.
23
Let u be (2*2)/(45/(-12) - -4). What is the greatest common divisor of u and 32?
16
Let a be (-2 + -40)/(-7 + 6). Calculate the highest common divisor of 14 and a.
14
Suppose -25 = -3*g - 2*a, -21 = -3*g - 5*a - 8. What is the highest common factor of 55 and g?
11
Let y = 188 + -124. Calculate the greatest common factor of y and 4.
4
Suppose 7*q - 2*q - 10 = 0. Suppose q*f - 14 = -3*b, -2*b = -2*f - 3*b + 18. Calculate the greatest common divisor of 40 and f.
10
Suppose -4*c + 5*q + 3 = 0, 6 - 2 = 4*q. Suppose -c = -4*g + 2. Let w be g/(-2) - 61/(-2). What is the highest common divisor of w and 6?
6
Let s = 420 - 275. Calculate the highest common divisor of s and 5.
5
Let m = 6 - 2. Suppose 5*r - m*r - 5 = 0. Suppose r*l + k = 16, -3*l + l = 2*k. What is the greatest common divisor of l and 1?
1
Suppose z = -5*t, 2*t - t = -5. Let w = -345 - -545. Calculate the greatest common factor of z and w.
25
Suppose 3*s = s + 2*h + 2, -5*s - 25 = 5*h. Let z be 0 - -1 - (s - 5). Let w(y) = -14*y. Let u be w(-4). Calculate the greatest common divisor of u and z.
8
Let k be 14*(0 + (-10)/(-4)). Let p be (3/(-1))/((-6)/14). Calculate the greatest common factor of k and p.
7
Suppose 2*v = -v + 300. What is the greatest common divisor of 10 and v?
10
Let r = 2 - -1. Suppose -5*u - 3*v + 156 = -299, r*u + 2*v = 274. What is the highest common divisor of 8 and u?
8
Suppose 0 = -3*i + 2*b - 32, 4*i + 118 = -4*b + 42. Let u be i*5/(20/(-16)). What is the greatest common factor of 7 and u?
7
Let j = 9 - 7. Calculate the greatest common factor of 6 and j.
2
Suppose -3*x + 8*x - 155 = 0. Let m = -20 + x. What is the highest common factor of 11 and m?
11
Let b(h) = -h**2 + 12*h - 8. Let u be b(6). Suppose 0 = -4*l + 6 + 10. Calculate the highest common divisor of u and l.
4
Suppose 99 = -5*w + 399. Calculate the highest common divisor of w and 20.
20
Let b be 99/(-12)*(-4)/1. Let l = b + -12. What is the highest common divisor of 168 and l?
21
Let k be (144/(-10))/(-2) - 116/(-145). Calculate the highest common divisor of 8 and k.
8
Let w = 15 - 0. Calculate the highest common factor of 165 and w.
15
Let a be 1/4 + (-474)/(-24). Let p = 7 + -4. Suppose 2*y - p = -4*c + 1, -a = -4*c + 2*y. Calculate the greatest common factor of 21 and c.
3
Suppose 6*j = j + 320. Let a(u) = 4*u. Let x be a(2). What is the greatest common factor of j and x?
8
Let u(s) = -5*s**3 - s**2 - s - 1. Let c be u(-1). Suppose 6 = b - 5*t - 134, -c*b + 522 = -t. What is the highest common factor of b and 13?
13
Suppose -4*g = 2*t - 4, 5*g + 6 = 4*t - 15. Calculate the greatest common factor of t and 4.
4
Let p = 72 - 20. Suppose -p = -5*z - 17. Let i = -8 - -15. What is the highest common factor of i and z?
7
Let v(n) = n**2 - n + 10. Let t be v(0). Suppose -q - t = -3*q. Suppose -3*a = q*p - 203 - 117, -192 = -3*p - a. What is the highest common divisor of 8 and p?
8
Let v(l) = -l**2 - 17*l - 12. Let m be v(-9). Calculate the